 be the third derivative of -q**6/360 + q**5/120 + q**4/8 - q**3/6 + 2*q**2. Let t(k) be the first derivative of d(k). List the prime factors of t(0).
3
What are the prime factors of 698/4 + 10/(-4)?
2, 43
Let y(g) = -6*g**3 - 2*g**2 - 5*g - 7. What are the prime factors of y(-4)?
5, 73
Suppose 0 = 5*r - 42 - 103. Suppose -3*j - r = -5*a, -2*a - 3*a + 2*j = -26. Suppose -9 = -x + a. What are the prime factors of x?
13
Let p = 3 - 3. Suppose 3*s + w = 5 + 35, 4*w + 8 = p. Suppose -z + s = 4*i - 5, 5*z + 1 = 4*i. List the prime factors of z.
3
Suppose 0 = -5*c - 2*q + 216, 2*q = -0*c - c + 48. List the prime factors of c.
2, 3, 7
Let p(q) = 0*q - 16*q**2 - q + 32*q**2. Suppose -d + 9 = 2*u - 0*u, -3*u + 15 = 3*d. What are the prime factors of p(d)?
3, 5
Let u = 17 - 2. Let a = -41 - -40. Let z = a + u. List the prime factors of z.
2, 7
Let a = 12 - 23. Let t(d) = d**2 + 10*d - 5. List the prime factors of t(a).
2, 3
Let z(a) = a + 4. Let r be z(-4). Suppose -4*d - 3*x + 29 = r, 6 = 5*d - x - 16. What are the prime factors of d?
5
Let l(m) = -3*m**3 - 3*m**2 + 4*m + 1. Let s be l(-3). Suppose 2*g - r = 20, -5*g + 0*r - r + s = 0. Let j = g + -4. What are the prime factors of j?
5
Let d(s) = 20*s**2 + s. Let v be (-6)/8 - (-14)/8. What are the prime factors of d(v)?
3, 7
Suppose -5*k - 21 + 1 = 0. Let m = 13 + k. What are the prime factors of m?
3
Let d be 2 - (-8)/3*-3. Let o be ((-40)/(-15))/(2/d). Let c(v) = v**3 + 9*v**2 + 8*v + 11. What are the prime factors of c(o)?
11
Let n(i) be the second derivative of i**3/3 - i**2 - 4*i. Suppose 5*t = -22 + 57. What are the prime factors of n(t)?
2, 3
Let x be (10/(-4) - -2)*-4. Suppose -x*r + 18 = -4. List the prime factors of r.
11
Let y be (-7)/(-2)*(-1 - -3). Let w = 12 - y. Suppose 0 = -w*n + 5 + 35. What are the prime factors of n?
2
Suppose -4*s = 6*g - 11*g + 18, -5*s = -4*g + 18. Suppose o + g*f + 1 = -1, 2*o + 8 = -5*f. Let h = 8 - o. What are the prime factors of h?
2
Let k(q) = -3*q**3 + 3*q**2 + q - 2. What are the prime factors of k(-2)?
2
Let a = 107 + -32. List the prime factors of a.
3, 5
Suppose -3*f = a - 62 - 127, 0 = -2*a - 3*f + 381. What are the prime factors of a?
2, 3
Let m = 11 - -7. Suppose 0*u = 2*u + 12. What are the prime factors of 130/m + u/27?
7
Let s be (-4)/(-4) + 3*3. Let w be (-33)/(-5) + 4/s. Suppose g - w = -1. What are the prime factors of g?
2, 3
Suppose -4*d + 132 = 20. Suppose 7*w = 5*w + d. What are the prime factors of w?
2, 7
Suppose -4*q - 5*w = -15, -4*q - 2*w + 18 = -0*q. Suppose -2*b - 36 = -q*b. List the prime factors of b.
2, 3
Let c be (12/(-8))/((-2)/(-4)). Let b(o) = 2*o**2 + 3*o - 1. What are the prime factors of b(c)?
2
Let r(a) = 117*a - 1. List the prime factors of r(1).
2, 29
Suppose -141 = 4*z + 5*h - 416, 4*h - 205 = -3*z. Suppose 3*b + 15 = z. What are the prime factors of b?
2, 5
Let n = 101 + -69. Suppose -n = -l - 3*g, 2*l - 100 = -2*l - 5*g. Suppose 0 = -5*m + 2*q + 2, 0*m - 3*q + l = 4*m. What are the prime factors of m?
2
Suppose 3*o + 2*k = 70, -1 = k - 0*k. List the prime factors of o.
2, 3
List the prime factors of (-2)/(-10) - (-42)/15.
3
Let w(x) = 9*x - 7. What are the prime factors of w(7)?
2, 7
Suppose 0*f = -7*f + 91. List the prime factors of f.
13
Suppose 0 = -2*s + 6 - 0. Suppose 5*w + 20 = 5*m + 5, 0 = 5*w + 5. Suppose 17 + s = m*b. List the prime factors of b.
2, 5
Let i be (-4)/18 + 208/(-36). Let u be (-6)/(-9) + 4/i. Suppose 0 = 3*d - u*d - 6. What are the prime factors of d?
2
Suppose 8*n - 1849 + 105 = 0. List the prime factors of n.
2, 109
Suppose -z = 4*b - 124, 0 = -z + 4*z + 3*b - 363. What are the prime factors of z?
2, 3, 5
Let j(x) = -x + 14. Let g be j(8). Let c = g - 2. Suppose -3*u - 62 = -c*m, -u = -2*m + 3*m - 12. What are the prime factors of m?
2, 7
Let x = 1 + 2. Suppose o - 18 = x*o. Let f = o - -16. List the prime factors of f.
7
Let p(r) = r**2 - 9*r + 19. List the prime factors of p(19).
11, 19
Let z = -29 - -52. What are the prime factors of z?
23
Suppose 30*y - 31*y = -9. What are the prime factors of y?
3
Let j = -4 - -6. Let g = 0 - j. List the prime factors of -2 - (42/g - -3).
2
Let b(y) = 6*y**2 - y - 4. What are the prime factors of b(-3)?
53
Let q = 34 - 14. Let j = q + -6. What are the prime factors of j?
2, 7
Let u(a) = -2*a - 3. Let v be u(-4). List the prime factors of -2*((-105)/6)/v.
7
Let y(o) be the third derivative of -o**4/3 - 2*o**3/3 - o**2. Let s be y(-5). Suppose -2*x = x - s. What are the prime factors of x?
2, 3
Let q = -54 + 83. What are the prime factors of q?
29
Suppose 0 = 2*j - 3*j + 34. Let t = -16 + j. What are the prime factors of t?
2, 3
Let c be 24/(-2)*8/(-12). Let p = c - 1. What are the prime factors of p?
7
Suppose -f = -15 - 18. What are the prime factors of f?
3, 11
Let p(g) = -15*g - 28. List the prime factors of p(-14).
2, 7, 13
Let h = 17 - -1. List the prime factors of h.
2, 3
Suppose 6*i = i + 15. Suppose 4*z + 40 = -2*w + 122, i*z = 3*w + 66. List the prime factors of z.
3, 7
Suppose g + 3*o - 26 = 0, -g - 2*g + 65 = -4*o. What are the prime factors of g?
23
Suppose -2*m + 128 = -c + 54, m + c = 34. Let j = m + -24. List the prime factors of j.
2, 3
Let a be -1 + (0 + 0 - -11). Suppose -9*n + 4*n = -a. Suppose 2*h + 39 - n = 3*q, -3*q + 4*h + 41 = 0. What are the prime factors of q?
11
Let u(z) be the third derivative of 5*z**4/24 - 5*z**3/6 + z**2. What are the prime factors of u(5)?
2, 5
Let q = -63 + 107. List the prime factors of 0 - (q/(-4) - -2).
3
Suppose 24 = 2*u - 5*i - 29, -4*u - 5*i + 31 = 0. List the prime factors of u.
2, 7
Let g be 290/35 + (-2)/7. Let b be 15/2 - 4/g. Let f = 4 + b. What are the prime factors of f?
11
Let o be 10/(-3) - 2/3. Let l be o/6 + 24/9. Suppose 0 = -0*f - l*f + 30. List the prime factors of f.
3, 5
Suppose -3*s - b + 16 = 0, 3*s + 2 - 19 = -2*b. Suppose -3*o + s*y + 8 = -36, -1 = y. List the prime factors of o.
13
Let u = 4 - -1. List the prime factors of u.
5
Suppose -2*w + 32 = -4*k, -4*k - 2*w = -5*w + 34. Let c(a) = a**2 + 6*a + 7. Let d be c(k). Suppose -3*l + 56 - d = 0. List the prime factors of l.
2, 7
Suppose -2*z = 3*z - 20. Suppose -z*h = 3*n - 8*n + 35, -n + 5*h = -7. List the prime factors of n.
7
Let k be 3/(-2) + (-11)/(-2). Suppose -3*d = 2*s - 6*d - 9, -k*s + 13 = -d. List the prime factors of s.
3
Suppose 5*a = 4*q + 10 + 13, 5*q = -a - 7. Suppose 0 = a*x + 2*x - 80. List the prime factors of x.
2
Let i = 6 + -1. Suppose i*k + 8 = 28. Suppose k*q - 38 = 2. List the prime factors of q.
2, 5
Let i = -5 + 10. Suppose -2*a - 9 = -i*q, 5*q - 4*a = 3*q - 6. Suppose 3*g = z + 22, 2*g = q*g + z - 14. What are the prime factors of g?
3
Let d(s) = 8*s - 7. Suppose 0 = 2*b + b - 15. List the prime factors of d(b).
3, 11
Let z(o) = 21*o - 3. Let l be z(2). Suppose -33 = -4*v + l. List the prime factors of v.
2, 3
Let n(u) = -243*u**3 + 3*u**2 - u - 2. What are the prime factors of n(-1)?
5, 7
Let a(k) = 2*k**2 + 3 - k - k**2 - 3. Let i be a(-4). Suppose -8 = -2*o + i. List the prime factors of o.
2, 7
Let c = 47 + -33. What are the prime factors of c?
2, 7
Let r be 0*3/(-12)*2. Suppose r = 8*y - 3*y - 125. Suppose 2 + y = 3*h. List the prime factors of h.
3
Let s = 183 + -71. What are the prime factors of s?
2, 7
Let x = 18 - 16. Let b be (-14)/(-3) + 4/(-6). Suppose 23 = 2*q + o, 3*q - x*q - 2*o = b. List the prime factors of q.
2, 5
Let o = -4 + 6. Suppose o*i - 3*a + 20 = a, -3*i - a - 16 = 0. What are the prime factors of (-118)/(-8) + i/8?
2, 7
Let q = 1 + 1. Suppose 3*m = q*m. Let d(v) = -v**2 + 23. What are the prime factors of d(m)?
23
Let j be 2 - (-1 - (1 - -28)). What are the prime factors of (28 + -3)*j/20?
2, 5
Let i be 0 - 2*-2 - 1. Let w = i + 4. Suppose 3*l - 40 + w = 0. List the prime factors of l.
11
Let z(v) = v**2 - 7*v + 6. Let c be z(5). Let j(f) = -f**2 - 5*f + 1. List the prime factors of j(c).
5
Let u(w) = 5*w**2 + 19*w + 1. What are the prime factors of u(-8)?
13
Suppose 2*h - 2*a = 4 + 4, 3*h - 12 = -a. Suppose h*d = -4, 0*d + 4*d + 28 = 4*f. Let l(u) = -u**3 + 7*u**2 - 4*u - 4. What are the prime factors of l(f)?
2
Let q = 53 + -36. What are the prime factors of q?
17
Suppose 5*p - 2*p - 10 = 5*j, 4 = -p - 2*j. Suppose p = 3*k + 3*g - 12, 2*g = 5*k - g - 44. What are the pr